440 = -10*u. Let p = -144 + 286. Let o = u + p. Is 17 a factor of o?
False
Let f be ((-5)/(-10))/((-1)/10). Let t(h) = -2*h**2 - 3*h + 6. Let w(v) = -v - 1. Let i(r) = -t(r) - 5*w(r). Is i(f) a multiple of 3?
True
Suppose -34*o + 36*o = 4. Does 27 divide (-1 - -85)/o*(-54)/(-21)?
True
Let w(s) = 4*s**3 - 58*s + 68. Is w(6) a multiple of 9?
False
Let j be (-575)/40 + 6/16. Let i be (-160)/j - 52/(-91). Is (104/i)/((-12)/(-18)) a multiple of 3?
False
Let i be (4/(-18))/((-2)/9) + 451. Let x = i - -54. Is 23 a factor of x?
True
Suppose 0 = -w - 4*w - 4*q + 184, -5*w = 5*q - 180. Suppose -w = -6*t - 16. Suppose o - s = -3*s + 16, -o + t*s + 46 = 0. Is 5 a factor of o?
False
Suppose -9*n + 50 = -5*n - 2*z, -4*z - 35 = -3*n. Suppose 4*d = -n*d + 51. Is ((-8)/12 - (-35)/3) + d a multiple of 3?
False
Suppose -349659 = -12*j - 85947. Does 164 divide j?
True
Suppose 3*r = 3*d - 12, -4*r + 2*r = -3*d + 12. Suppose -2*j + 738 = -3*y, 2 = -d*y + 10. Is 12 a factor of j?
True
Let o(r) = 2*r**2 + 16*r + 40. Suppose -4*k + 54 = -3*l - 14, 2*l - 34 = -3*k. Is o(k) a multiple of 16?
True
Suppose -n + 5*l = -7072 - 1430, 0 = 5*n - 2*l - 42464. Is n a multiple of 11?
True
Let a be ((-8)/14)/(2/(-7)). Suppose 4*y + 3368 = 4*p, -y + a*y = -4*p + 3358. Is p a multiple of 42?
True
Let t = 1 + 23. Suppose -o = -5*o - t. Does 18 divide ((-291)/6)/(o/12)?
False
Let w = 26 + -23. Suppose w*l - 2*l = 15. Does 14 divide l/(0 - 5) - -73?
True
Let d = 34 + -77. Let b = 43 + d. Suppose -4*k + 3*s + 70 = s, b = -5*k + s + 89. Does 15 divide k?
False
Suppose -5*r = 2*g - 499, -209 - 92 = -3*r - 2*g. Let y(k) = 106*k - r*k - 86*k + 2. Does 8 divide y(-1)?
False
Let j(k) = -k**2 - 6*k + 5. Let h be j(-6). Suppose -h*l - 30 = -0*l. Let r = 46 - l. Is r a multiple of 41?
False
Let x(o) = o + 431*o**2 - 2*o - 428*o**2 + 1. Is 18 a factor of x(-6)?
False
Suppose -5*n = -7860 - 13056 - 1304. Is 44 a factor of n?
True
Let u(v) = 12*v**2 + 6*v - 12. Suppose -6*b + b = -15. Let n be u(b). Let k = 257 - n. Is 21 a factor of k?
False
Let l be 2 + (-57)/(-21) - 78/(-273). Suppose l*x + t = 1644, 1320 = 6*x - 2*x + 2*t. Is 11 a factor of x?
False
Suppose 3*t - 20141 = -5*k - 5094, -5*k - 10 = 0. Does 32 divide t?
False
Suppose -11391 = -5*j - 6292 + 42851. Is 70 a factor of j?
True
Let u(f) = 113*f**2 + 16*f + 16. Is u(6) a multiple of 38?
True
Let g = -2858 - -2968. Is 22 a factor of g?
True
Let b = 81 - -120. Suppose -3*a + 3*c = -201, -2*a = a + 3*c - b. Does 12 divide a?
False
Suppose 0 = -4*k + 5*d - 67 - 24, d - 47 = 2*k. Let z = -20 - k. Suppose -920 = z*t - 9*t. Does 46 divide t?
True
Let n(m) = -4*m - 3*m + 3*m + 736. Is 16 a factor of n(0)?
True
Suppose -b + 3*p + 0*p = -9, 2*p = -2. Let r be 44/b - (-3 + (-50)/(-15)). Suppose 3*q - r*q - 3*t = -7, 4*t = 2*q - 20. Is 4 a factor of q?
True
Let x be (15/(-10))/(9/(-12)). Suppose 5 = -2*v + 3*m + x, 0 = 3*v + 2*m - 2. Suppose v = 2*n + 2*u - 96, -23 = 4*n - 5*u - 188. Is 21 a factor of n?
False
Let n be -1 - (0 + -2) - -45. Let s = n - 44. Suppose -m = s*m - 27. Does 3 divide m?
True
Suppose -l = -3*i - 5572, 39*i = 36*i - 9. Is 82 a factor of l?
False
Is 5020/50*((-51)/(-6) - (-28)/7) a multiple of 10?
False
Suppose 0 = 4*c + 4*z - 28, -25 = -c - 3*c - z. Suppose 9*w = c*w + 387. Does 10 divide w?
False
Suppose 14*p - 363 - 869 = 0. Suppose 79*z - p*z + 486 = 0. Is 9 a factor of z?
True
Suppose 0 = 15*j - 7499 - 5611. Does 16 divide j?
False
Let b(u) = -u**3 - 2*u + 15. Suppose 4*h - 4*g = 20, -2*h - 14 - 1 = 3*g. Let c be (h - 3/(-4)) + (-171)/228. Does 3 divide b(c)?
True
Let k be -3 - -3*22/(-3). Let a = k - 137. Let o = -96 - a. Does 22 divide o?
True
Let z = -64 + 56. Let v(b) = -b**2 - 12*b - 14. Does 2 divide v(z)?
True
Let r(w) = w**2 - 24*w + 68. Let f be r(21). Does 14 divide 5*(-2)/f*-7?
True
Suppose q - 5*g = -71 - 506, 3*g = -4*q - 2262. Let n = q + 1373. Does 62 divide n?
True
Suppose -2*c - 3*c + 80 = 0. Let w be (-5 + -1 + (19 - 59))*-1. Let k = w + c. Is k a multiple of 15?
False
Let t(b) = -230*b + 7. Let o be t(-1). Suppose 0 = -4*c - o + 1273. Is 37 a factor of c?
True
Let u(o) = -12*o - 10. Let f be u(-7). Let v = f + 164. Suppose 3*i + 0*i = -2*j + v, -2*i + 242 = 2*j. Does 25 divide j?
True
Suppose 180245 = 5*v - o, 5*o = -4*v + 3*o + 144182. Does 86 divide v?
False
Suppose 0 = -3*y - 0*y - 4*q - 1499, 0 = 4*y - 2*q + 1984. Let c = y + 845. Is c a multiple of 12?
True
Let r = 1519 + -1529. Let q(u) = 26 + 2*u + 0*u + 6. Is q(r) a multiple of 12?
True
Let i(j) = -157*j - 1554. Is i(-35) a multiple of 16?
False
Suppose -2*q = 114*t - 109*t - 22213, 5*q = -3*t + 55485. Does 43 divide q?
True
Let a(p) be the first derivative of 18*p**2 - 288*p - 281. Is a(11) a multiple of 27?
True
Suppose 15*y = -10*y + 36590 + 373585. Is y a multiple of 11?
False
Let m(j) = -2*j**2 - 206*j + j**2 - 1 + 208*j. Let i be m(1). Suppose -3 = a, i = -2*w + w - 4*a + 6. Does 4 divide w?
False
Is 24 a factor of 30*((-83818)/(-84) - 5)?
False
Suppose 83*v - 76*v + 143*v = 453600. Is v a multiple of 18?
True
Suppose 6*y = 4*y + 5*o + 3465, -5*y = 2*o - 8590. Does 8 divide y?
True
Let w = 19 + -12. Suppose -3*n + 7 = -4*j, -n - w = -2*n - j. Suppose 10 = 5*d, n*d + 0*d = -2*s + 166. Is 26 a factor of s?
True
Suppose 0 = 2*v - 67 + 247. Let s = v + 194. Does 4 divide s?
True
Let n(u) = u**3 - u**2 - u - 1. Let w(h) = -17*h**2 - 29*h + 9. Let m(b) = n(b) - w(b). Suppose 26*c + 181 = -131. Does 31 divide m(c)?
False
Let g be (12/8)/(15/(-140)). Let d(v) = v**3 + 14*v**2 - 37*v - 6. Does 72 divide d(g)?
False
Suppose -4*x = 32 - 2552. Let l = x - 315. Does 15 divide l?
True
Does 4 divide (3 + (224/(-6))/16)/((-2)/(-9654))?
False
Let f(g) be the first derivative of -17 - 2*g + 25/2*g**2 - 1/3*g**3. Is f(24) a multiple of 7?
False
Let b be (-8)/(-2)*(5 - 18/(-6)). Let n = 36 - b. Suppose 4*m + 2*w = m + 219, w - 287 = -n*m. Is 16 a factor of m?
False
Suppose -14*y + 16*y - 150 = -2*v, 2*y = 4*v + 174. Suppose -4*z = 0, 2*j - 5*z - 453 - y = 0. Is j a multiple of 19?
True
Suppose 0 = -4*o + 3*v - 241, -3*o + 24 = 3*v + 189. Let u = -1064 - -1074. Let j = u - o. Is j a multiple of 9?
False
Let a(f) = 5*f**2 + 40*f + 6. Let p be a(-7). Let d(i) = -19*i + 207. Does 45 divide d(p)?
False
Is -14 - 120*(-330)/45 a multiple of 22?
False
Let v(x) = -x**3 + 105*x**2 - 270*x + 308. Is 77 a factor of v(101)?
False
Let u(y) = 15*y**2 + 6*y + 10. Let r be u(-3). Suppose j + f = 36 + r, 0 = 3*j - 5*f - 481. Does 18 divide j?
True
Is 15 + -9 + 922 + -8 a multiple of 4?
True
Let w = 29761 + -23334. Is w a multiple of 84?
False
Let b(r) = r**2 - 18*r + 13. Let g be b(7). Let a = 68 + g. Suppose a*y + 6*q = 3*q + 314, -69 = -y + 4*q. Does 23 divide y?
False
Let v(t) = -t**3 - 6*t**2 - 4*t + 6. Let y be v(-4). Does 12 divide ((-4)/y)/(4/480)?
True
Let o(j) = -j**3 + 51*j**2 + 936*j + 27. Is 27 a factor of o(-15)?
True
Let u be (8 - 5) + (-463 - (5 - 6)). Is 3 a factor of u/18*(-12)/9?
False
Suppose -40527 = -27*o + 7749. Does 67 divide o?
False
Suppose j = -2*a + 275, -7*a = -6*a - 2*j - 135. Let c = 230 - a. Is c a multiple of 3?
True
Suppose 0 = w + 4*f + 11, w = -3*f - 2*f - 13. Let u(s) be the third derivative of -s**6/20 - s**3 + 42*s**2. Does 13 divide u(w)?
True
Let m = 24 - 44. Let c = -24 - m. Let d(i) = 2*i**2 + 6*i + 6. Is 7 a factor of d(c)?
True
Let z = -9830 + 31830. Does 10 divide z?
True
Let x = -11813 + 15852. Is 65 a factor of x?
False
Suppose 2*h + 159 = -5*a, 2*a - 5*h = 3*a + 18. Suppose 0 = 13*z - 5*z + 456. Let b = a - z. Is b a multiple of 24?
True
Suppose -4*s + 26272 = 4*a, -92*s + 94*s + 26260 = 4*a. Is a a multiple of 14?
True
Let d = -455 + 2759. Suppose 5*q = 2*k + d - 144, 0 = -4*k. Is q a multiple of 11?
False
Let z(j) = -2*j + 4. Let w be z(-1). Suppose -2*n + 10 = q, 3*q + 2*n - 5*n = -w. Suppose 3*m - q*i = 32, 4*i - 45 = -4*m + 11. Is m a multiple of 5?
False
Suppose 5*q + 2*g - 19 - 22 = 0, -4*q + 22 = -2*g. Suppose -3*t = -3*f - f - q, 4*f + 31 = -5*t. Is 4 a factor of (-660)/(-16) - 3/f?
False
Let n(a) = -10*a**2 + 4*a - 18. Let p be n(4). Let l be 1*(-3 - (3 - 6)) - p. Suppose b - l = -34. Does 21 divide b?
False
Let t be (-2)/1 + 2 - (5 + -7). Suppose 0*b + t*n + 4 = 5*b, -n + 11 = 4*b. Suppose 0 = -3*z + 4*s + 32 + 10, 